4 a factor of 284906?
False
Is 44 a factor of 748000?
True
Does 20 divide 978140?
True
Is 31042 a multiple of 26?
False
Does 60 divide 1995240?
True
Does 64 divide 53060?
False
Is 191 a factor of 726924?
False
Is 15 a factor of 13321320?
True
Is 7 a factor of 858736?
False
Is 15 a factor of 293985?
True
Is 524 a factor of 435968?
True
Does 24 divide 22128?
True
Is 776 a multiple of 2?
True
Does 5 divide 108263?
False
Does 1069 divide 2925853?
True
Is 12 a factor of 237024?
True
Is 2453751 a multiple of 38?
False
Is 167 a factor of 673676?
False
Is 100 a factor of 153900?
True
Is 63046 a multiple of 29?
True
Is 40 a factor of 511156?
False
Does 9 divide 4863753?
True
Is 760536 a multiple of 63?
True
Is 68745 a multiple of 2?
False
Does 878 divide 11638813?
False
Is 18 a factor of 105750?
True
Does 71 divide 219461?
True
Does 32 divide 120832?
True
Is 370 a factor of 96002?
False
Is 69 a factor of 403442?
False
Is 368736 a multiple of 184?
True
Does 18 divide 10417986?
True
Is 149 a factor of 36522?
False
Is 495104 a multiple of 32?
True
Is 1221216 a multiple of 16?
True
Is 451510 a multiple of 37?
False
Is 2532126 a multiple of 11?
False
Is 835459 a multiple of 94?
False
Is 198 a factor of 2079792?
True
Is 4656470 a multiple of 221?
True
Is 431 a factor of 331008?
True
Is 30 a factor of 16133190?
True
Is 29 a factor of 485692?
True
Does 20 divide 945600?
True
Is 384986 a multiple of 17?
False
Is 99416 a multiple of 172?
True
Is 117 a factor of 164853?
True
Is 20 a factor of 184900?
True
Is 35 a factor of 253645?
True
Is 9 a factor of 4228182?
True
Does 104 divide 741000?
True
Is 1274309 a multiple of 19?
False
Does 19 divide 335460?
False
Is 665212 a multiple of 24?
False
Is 644607 a multiple of 22?
False
Is 2975944 a multiple of 344?
True
Is 59 a factor of 343616?
True
Is 164 a factor of 3195376?
True
Does 85 divide 56112?
False
Is 17622 even?
True
Is 60918 a multiple of 33?
True
Is 159006 a multiple of 194?
False
Is 3409622 a multiple of 347?
True
Is 9 a factor of 48267?
True
Does 268 divide 635964?
True
Is 132 a factor of 37224?
True
Does 22 divide 27971917?
False
Is 42 a factor of 2926392?
True
Is 450623 a multiple of 5?
False
Is 70 a factor of 13160?
True
Does 32 divide 2291174?
False
Is 135584 a multiple of 1166?
False
Is 1149 a factor of 311901?
False
Does 48 divide 4420658?
False
Is 3576328 a multiple of 32?
False
Is 16694 a multiple of 11?
False
Does 243 divide 421119?
True
Is 13081 a multiple of 60?
False
Does 13 divide 944080?
False
Is 935 a factor of 13902776?
False
Is 106236 a multiple of 36?
True
Is 75 a factor of 53025?
True
Does 7 divide 157633?
True
Does 210 divide 1256880?
False
Is 3287753 a multiple of 50?
False
Is 637363 a multiple of 50?
False
Is 75 a factor of 1390879?
False
Does 16 divide 2064236?
False
Does 19 divide 27227?
True
Is 140800 a multiple of 55?
True
Is 34 a factor of 10169128?
True
Is 12 a factor of 658911?
False
Does 466 divide 5872532?
True
Is 4828031 a multiple of 4?
False
Does 16 divide 875776?
True
Does 120 divide 306120?
True
Does 62 divide 355818?
True
Does 347 divide 83974?
True
Is 96 a factor of 8824992?
True
Does 1401 divide 11675934?
True
Is 2158100 a multiple of 32?
False
Does 38 divide 11198030?
True
Is 73 a factor of 4101049?
False
Is 96 a factor of 1390601?
False
Is 7871625 a multiple of 45?
True
Is 53587 a multiple of 50?
False
Is 237 a factor of 9721008?
False
Is 51 a factor of 2500224?
True
Is 60 a factor of 168300?
True
Is 62443 a multiple of 14?
False
Is 43185 a multiple of 15?
True
Is 49 a factor of 147000?
True
Is 423 a factor of 1330335?
True
Is 1428210 a multiple of 42?
True
Is 2919040 a multiple of 64?
True
Is 6 a factor of 20221?
False
Does 8 divide 89839?
False
Is 8 a factor of 249544?
True
Is 292878 a multiple of 18?
True
Does 38 divide 1234202?
True
Is 211181 a multiple of 22?
False
Does 42 divide 6965791?
False
Does 132 divide 1028031?
False
Is 529830 a multiple of 42?
True
Does 2215 divide 34011325?
True
Is 598 a factor of 147108?
True
Is 45 a factor of 21507210?
True
Does 32 divide 57152?
True
Does 8 divide 2969683?
False
Is 407484 a multiple of 84?
True
Is 298 a factor of 135888?
True
Is 17 a factor of 3063300?
False
Is 7 a factor of 30270?
False
Does 46 divide 196079?
False
Is 7356401 a multiple of 169?
True
Is 2 a factor of 248?
True
Does 11 divide 297818?
False
Is 199 a factor of 16146398?
False
Is 882441 a multiple of 147?
True
Does 858 divide 2737878?
True
Does 29 divide 107619?
True
Is 41433 a multiple of 44?
False
Is 23 a factor of 19182?
True
Does 35 divide 72789?
False
Is 166512 a multiple of 20?
False
Is 28 a factor of 2236276?
True
Is 305 a factor of 351071?
False
Is 20418518 a multiple of 245?
False
Is 1407560 a multiple of 20?
True
Is 166310 a multiple of 4?
False
Is 31835 a multiple of 4?
False
Is 209 a factor of 343118?
False
Does 216 divide 1436184?
True
Does 106 divide 1907889?
False
Is 167 a factor of 83834?
True
Is 53088 a multiple of 42?
True
Does 267 divide 582542?
False
Does 7 divide 7584?
False
Does 191 divide 240687?
False
Does 10 divide 114620?
True
Is 277146 a multiple of 60?
False
Is 3 a factor of 75221?
False
Is 13 a factor of 5321769?
False
Does 14 divide 4326890?
False
Is 13941716 a multiple of 1938?
False
Is 37 a factor of 2258316?
False
Does 102 divide 1643323?
False
Does 24 divide 258960?
True
Is 19479666 a multiple of 25?
False
Is 157 a factor of 51182?
True
Is 2576990 a multiple of 20?
False
Does 55 divide 590150?
True
Does 463 divide 273170?
True
Does 5 divide 946093?
False
Does 10 divide 32331?
False
Does 393 divide 693692?
False
Is 14318398 a multiple of 121?
False
Is 62985 a multiple of 85?
True
Is 100 a factor of 177307?
False
Is 9 a factor of 6363?
True
Does 27 divide 537813?
True
Is 137088 a multiple of 72?
True
Is 11231 a multiple of 8?
False
Is 1695018 a multiple of 1402?
True
Is 431525 a multiple of 25?
True
Is 6411825 a multiple of 105?
True
Is 9 a factor of 568079?
False
Is 20 a factor of 207793?
False
Does 607 divide 5841161?
True
Is 190240 a multiple of 43?
False
Is 141126 a multiple of 67?
False
Is 12071904 a multiple of 1632?
True
Does 383 divide 28725?
True
Does 97 divide 699176?
True
Is 375 a factor of 6158078?
False
Is 37 a factor of 313635?
False
Is 139399 a multiple of 13?
True
Is 1334320 a multiple of 36?
False
Does 26 divide 277609?
False
Is 86590 a multiple of 2?
True
Is 4 a factor of 237015?
False
Is 9040 a multiple of 12?
False
Is 1089025 a multiple of 378?
False
Is 14376 a multiple of 5?
False
Is 2510316 a multiple of 18?
True
Is 369 a factor of 4456782?
True
Is 56 a factor of 2371730?
False
Is 16 a factor of 329592?
False
Does 13 divide 356323?
False
Is 328 a factor of 1643280?
True
Does 16 divide 104640?
True
Is 7099873 a multiple of 44?
False
Is 753424 a multiple of 14?
True
Is 154350 a multiple of 25?
True
Does 188 divide 1371626?
False
Does 7 divide 8008366?
False
Is 42 a factor of 90993?
False
Does 3 divide 13266?
True
Is 242 a factor of 702879?
False
Is 1768375 a multiple of 92?
False
Does 79 divide 2472858?
True
Is 34915 a multiple of 5?
True
Is 1911 a factor of 573300?
True
Is 2652072 a multiple of 69?
False
Does 143 divide 89476?
False
Is 34662 a multiple of 5?
False
Is 336 a factor of 5438832?
True
Does 6 divide 88815?
False
Does 103 divide 1148450?
True
Is 156 a factor of 549570?
False
Is 45386 a multiple of 11?
True
Is 432018 even?
True
Does 167 divide 1725945?
True
Does 83 divide 151309?
True
Is 29 a factor of 235109?
False
Is 41020 a multiple of 321?
False
Does 10 divide 5512200?
True
Is 8 a factor of 12480?
True
Is 256 a factor of 69885?
False
Is 1185156 a multiple of 252?
True
Is 236 a factor of 257476?
True
Is 82 a factor of 3444?
True
Is 23 a factor of 163579?
False
Is 428 a factor of 261286?
False
Is 4 a factor of 27541?
False
Is 16764552 a multiple of 222?
True
Is 11289717 a multiple of 1959?
True
Does 49 divide 1025827?
False
Is 1444608 a multiple of 432?
True
Does 36 divide 4837517?
False
Is 308222 a multiple of 3?
False
Does 22 divide 381338?
False
Does 30 divide 80400?
True
Does 36 divide 561888?
True
Is 3502943 a multiple of 5?
False
Does 4 divide 572400?
True
Is 10 a factor of 64283?
False
Does 129 divide 8176536?
True
Is 22620 a multiple of 52?
True
Does 8 divide 284542?
False
Is 989